- 4) + 5?
-2
(-1 - 4) + (-2 - -3) + 7
3
Evaluate 5 - (15 + -12 - 2).
4
What is 6 - (12 + -24 - -23)?
-5
Calculate 3 - (9 + 1 + -3).
-4
Evaluate -21 + 17 - (3 - 0) - -2.
-5
What is the value of -8 - (-23 - -11) - (-1 - 0)?
5
Evaluate (-7 - -11) + (-4 - -2).
2
Calculate 2 - ((-8 - -6) + (-2 - -3)).
3
What is 1 - ((9 - 3) + -7)?
2
What is the value of 6 - (-2 - 4 - (7 + -10))?
9
What is the value of 6 - (-2 + 6) - (1 + 6)?
-5
What is -6 + -3 - (-1 - 4)?
-4
What is the value of 11 + -4 + -14 - -8?
1
Evaluate 11 + -16 - (-5 + 4).
-4
What is 5 + 3 + -2 - (4 - 2)?
4
0 - (-3 - -1) - (105 + -103)
0
What is the value of 1 - (-3 - (3 - 4)) - 4?
-1
What is the value of 4 + (6 - (-8 + 20))?
-2
What is the value of -8 - 1 - (-195 - -183)?
3
What is -5 - ((6 - 1 - 4) + -1)?
-5
Evaluate (2 - (-2 + 4)) + 4 + -2.
2
What is the value of -4 - (2 + -6 + 2)?
-2
-1 + (-9 - (-13 + 2))
1
What is -3 + 2 + (-1 - 2)?
-4
What is -1 + 1 - (2 + 1)?
-3
Evaluate (0 - -3) + (7 + -5 - 7).
-2
Calculate 0 - ((-3 - -1) + 2).
0
What is 12 + -3 - (1 + 9)?
-1
What is the value of 12 - (6 - -7) - 1?
-2
What is the value of (25 - 9) + -11 + (0 - 13)?
-8
What is -3 - -7 - (-4 + 2 + 3)?
3
What is -1 - (3 + -5) - 6?
-5
Evaluate (-5 - (-3 - (2 + 7))) + -4.
3
Calculate 2 - -4 - (-2 + 5).
3
Calculate (-1 - 0 - -6) + -4.
1
What is 1 + (2 + -8 - -2)?
-3
What is the value of 4 + 5 + -2 + -7 - -5?
5
What is 11 + (-7 - (0 - (6 - 2)))?
8
Calculate 7 + (-2 - -1 - 4).
2
Evaluate 1 + 3 + (-4 - 3).
-3
Evaluate -1 + -1 + 3 + (-1 - 1).
-1
What is -7 + 3 + 7 - (-4 - -6)?
1
Calculate (1 - -3) + (1 - (18 + -16)).
3
Evaluate (5 - 0 - 6) + (-1 - 0).
-2
0 - 10 - (-16 - -3 - -6)
-3
(0 - 1) + 23 + -15 + -12
-5
Evaluate 3 + -1 + (3 - -4 - 17).
-8
Evaluate -15 + (-5 - (-5 - -7 - 13)).
-9
1 + 1 + -2 - 3 - -2
-1
Evaluate 0 + -7 + (8 - 6).
-5
Calculate (0 - 3) + (15 - 12) - 1.
-1
(7 - (9 + -5)) + -7
-4
0 + 7 + -14 + 18 + -9
2
6 + 3 - 8 - 4
-3
What is the value of -6 - (-3 - 2 - -3)?
-4
Calculate -17 + 14 - (-4 - 0) - 2.
-1
What is -1 + 3 + (2 + -1 - 4)?
-1
What is the value of -1 - (2 + -5 + 3)?
-1
Calculate (-2 - -5 - (2 - 1)) + -4.
-2
-2 - (-11 + 8 - (3 - -3))
7
-6 + 0 - (-5 + (-4 - -6))
-3
-9 + 0 + 4 + 2 - -1
-2
Calculate -1 - (1 - (-6 - -4)).
-4
What is -2 - 0 - (8 + -9)?
-1
Calculate -12 + 8 - (0 + -2).
-2
Evaluate 5 + (-3 - 2) + 1 + 1.
2
2 + (3 - (3 - (4 + -4)))
2
Evaluate (-1 + 1 - 4) + 2 - -1.
-1
Calculate 2 + 3 - (-1 + (-2 - -2)).
6
What is the value of 3 + 0 - (75 + -77) - -3?
8
What is 1 + -4 + (13 - 6)?
4
Evaluate -16 + 10 + -3 - -2.
-7
What is 4 + (-2 - (-3 - (-3 + 3)))?
5
What is the value of 64 + -76 - (-1 - 8)?
-3
(-3 - -14) + -6 + -3
2
(-3 - -3) + 4 + 5 + -17
-8
Evaluate -1 - 0 - (3 - (-4 - -5)).
-3
Calculate 2 - 14 - (6 - 15).
-3
Evaluate 7 + (2 - (-5 - -18)).
-4
What is the value of 7 - 11 - (0 + 6 + -3)?
-7
What is the value of 3 + -6 - (3 - 2) - -7?
3
What is the value of (4 - 9 - -4 - -4) + -8?
-5
What is the value of -14 + 18 + 11 - 14?
1
Evaluate 5 + (-6 - -1 - (-2 - -4)).
-2
What is 8 + (1 - (-5 + 9) - 5)?
0
Calculate 2 + (4 - 2) + -2 + -3.
-1
What is the value of -1 - 9 - (-2 + -1) - -2?
-5
Calculate (-3 - -2) + 3 + (0 - -1).
3
Calculate 0 - (-31 + 31 - (-1 - -6)).
5
Evaluate -1 + (3 - (0 - -4)).
-2
Calculate -5 - (-1 - 1) - (0 - -1).
-4
What is the value of 0 + 4 + (2 - 2) + -1?
3
Calculate -2 + 2 - (-6 + 3 - -1).
2
What is (8 - -3) + -1 - (3 + 1)?
6
What is -6 + -5 + 12 + -4 - -5?
2
What is 1 + -5 - (5 + -6)?
-3
What is 14 + -19 - -1 - 4?
-8
2 + -1 + -2 + -1 + 0
-2
What is the value of (4 - (2 + 0)) + (0 - 2)?
0
What is (-5 - -9 - 5) + -2?
-3
Calculate 13 + 12 + -7 + -9.
9
Calculate -2 + (-2 - -1) + -4 + 4.
-3
What is the value of -1 - 12 - (4 + -8)?
-9
Evaluate (24 - (-3 - -12)) + -9 - -1.
7
What is 3 - (-4 + 3 + (0 - 0))?
4
What is (-4 - -10) + -2 + -2 + 0?
2
What is the value of -3 + -2 + 10 + -9?
-4
What is the value of 5 - 6 - (-2 - 4)?
5
Evaluate 16 + -4 - 14 - (-2 - 1).
1
Evaluate 5 + -1 + (-3 + 4 - 3).
2
What is the value of 6 + (-13 + 11 - -4)?
8
8 + (-7 - -6) + (-6 - -3)
4
What is (-7 - -4) + 7 + (1 - 3)?
2
What is -2 + -8 - -18 - (5 + 3)?
0
What is the value of -5 - (37 + -35 - (0 - -13))?
6
What is -5 - -1 - -7 - 4 - 2?
-3
What is the value of -1 + 2 + -12 + 14?
3
Calculate -1 + 1 + -4 - (-3 + 0).
-1
Evaluate 0 - 2 - (6 + -1 + -5).
-2
3 - (3 + 6) - -3
-3
Evaluate -14 + 17 + -3 + (0 - -2).
2
What is the value of -5 + 9 + -5 + (4 - 1)?
2
(-8 - (-15 - -7)) + 0 + -1
-1
What is the value of 3 - (6 + -4 - -5 - 2)?
-2
Calculate (1 - (-2 - -6)) + 3 + 0.
0
7 + 0 - (22 - 17 - 0)
2
Evaluate (-2 - 4) + 7 + 0.
1
-1 - -5 - 4 - (1 - 4)
3
Evaluate -13 - -6 - (3 - 3).
-7
What is the value of 7 - 8 - (-1 - 1)?
1
Evaluate -1 - (-1 - (2 - -2)).
4
What is the value of 11 - ((-17 - -4) + 28)?
-4
2 + -10 - (-45 - -38)
-1
What is the value of 14 + 4 + -7 + -6?
5
What is -5 - (-2 + -2 - -4)?
-5
What is the value of (5 - 1) + -5 + 4?
3
Calculate -8 + 9 + -1 + (0 - -4).
4
What is the value of (-5 + 3 - 2) + (-13 - -13)?
-4
What is 0 + (-2 + -1 - -2) + 1?
0
What is the value of (0 - -1) + (-2 - -2 - -4)?
5
1 + (13 - 8) - -1
7
Calculate 2 + (9 - 4) + -8.
-1
(0 - 1) + (0 + -1 - 2)
-4
Evaluate -3 + -6 + 9 + -3.
-3
2 + -4 + 4 - (3 - 0)
-1
Calculate 8 - 4 - (11 + 5 + -10).
-2
What is -3 + (2 - (-6 + 4))?
1
What is the value of -33 + 27 + 0 + 0?
-6
Evaluate 143 + -149 + (1 - 0 - -7).
2
Calculate 2 + (-3 - (-5 - (1 - 1))).
4
0 + 3 + 1 + -72 + 65
-3
What is 10 + (5 - 5) + -6?
4
-4 - (3 + 0 + -6)
-1
(0 - -1) + 0 + -4 - -3
0
(-14 - (1 + -5)) + 6
-4
7 + (-6 - (2 + -6))
5
-2 - 8 - (-11 - (0 - 5))
-4
What is (9 - 0) + 3 + -12?
0
What is the value of -4 - -1 - (-20 - -12)?
5
What is the value of 8 + 8 - 8 - 0?
8
What is -1 + 8 + (1 - 4 - 1)?
3
What is the value of -2 + 4 - (-4 + 2 + -1)?
5
Evaluate (-4 - (5 + -6 + 3)) + 4.
-2
(10 - -2) + -4 - 4
4
-8 + 7 - (12 - 9)
-4
What is 3 + (6 - 7 - -4)?
6
What is the value of 8 - (12 + 4 + -16)?
8
What is 2 + -11 + 8 - (5 + 0)?
-6
(7 + -11 - -4) + 5
5
Evaluate 4 - (-4 + 18) - -3.
-7
What is -10 + -14 + 14 - -9?
-1
Evaluate -1 - (5 - (1 + 5 + -3)).
-3
What is the value of (2 - -1) + (-3 + -2 - 1)?
-3
Evaluate -3 - -2 - -4 - (-4 + 2).
5
What is the value of -4 + (-1 - (-10 + 4))?
1
What is the value of (-26 - -19) + (3 - (0 + 0))?
-4
Calculate -2 + (-8 - 2) + 22.
10
What is 4 - (12 + -7 + 0)?
-1
What is the value of 1 + (-6 - (2 + -4))?
-3
Calculate -2 - (3 + -2) - (2 - 5).
0
(-4 - -17) + -15 + 5 + 1
4
Evaluate (-10 - (-6 + 4)) + 6 + -3.
-5
Calculate -5 + 7 - (7 + (0 - 0)).
-5
Evaluate -2 + 4 + -8 + 9.
3
Calculate -10 + 4 + 6 + -4.
-4
What is -5 + 0 + 11 + -6?
0
0 + -2 + 3 + (-31 - -36)
6
What is -2 - (2 - 3) - (37 + -31)?
-7
Calculate (2 - 5 - -4) + (1 - -1).
3
0 - 3 - -10 - 3
4
What is the value of 2 + -3 - (1 + -1)?
-1
Evaluate 1 + 0 - 2 - (24 + -27).
2
What is -4 + (4 - (-5 - -3 - -4))?
-2
What is the value of (103 - 88) + (1 - 2 - 5)?
9
What is the value of (-12 - -15) + (5 - 4)?
4
What is -1 + 1 + 2 + 1?
3
-5 + 11 - (-1 + 7)
0
What is 0 + (0 - (4 - 6))?
2
What is 2 + 0 + -3 + -6 + 2?
-5
-2 - (0 - -3) - -9
4
Calculate (-5 - (-4 + -7)) + -7.
-1
What is the value of 12 - (-8 + 13) - (-3 - -5)?
5
(-1 + 1 - (-5 + -2)) + -5
2
What is 7 - (7 + (0 - (-1 + -5)))?
-6
6 + (8 - 9 - 7)
-2
What is 9 + -1 + -51 + 44?
1
What is the value of -9 + 16 + 2 + -11 + 4?
2
What is the value of -10 + 16 - (-3 + 10 + 0)?
-1
What is the value of (0 - -8) + (1 + 2 - 6)?
5
Evaluate 2 + -3 - 2 - -5.
2
What is the value of (9 + -4 - 3) + 1 + -1?
2
What is -7 + (-6 - -7) + 4?
-2
What is (-44 - -44) + -1 + 0?
-1
What is the value of 5 + (5 + -9 - 2)?
-1
Calculate (-11 - (-1 + -6)) + (2 - -7).
5
What is the value of -2 + 0 + (-2 + 1 - -4)?
1
What is 1 - -6 - (8 - (21 + -18))?
2
(17 - 11) + 1 + 1
8
Calculate 4 - (-3 - (1 - 3)).
5
(-10 - -2) + 1 - -3
-4
What is -3 - (-8 + 15 - 4)?
-6
What is 0 + -5 - (8 - 15) - 8?
-6
What is the value of 15 + 1 + -9 + 0?
7
Evaluate -2 - (0 + 0 - 4).
2
What is the value of 0 + -1 + (2 - -2) + -6?
-3
What is the value of -10 - -6 - -13 - 5?
4
What is the value of 7 - (3 + -4 - -4)?
4
Calculate 1 + -3 + 0 + 1 + 0.
-1
Calculate (4 - (3 + 0)) + -5 - -4.
0
1 + (1 - (-8 - -5)) - 11
-6
What is the value of 8 + (-4 - ((3 - 4) + 4))?
1
What is 3 - 0 - (2 - (10 + 0))?
11
5 + (-5 - -